0 - 6) - 4) + 7 + -5.
-10
What is the value of (-27 - -1) + 0 + 6 - -10?
-10
Evaluate -17 - (1 - 2) - (-5591 + 5587).
-12
Evaluate -15 + 23 + 14 + -6.
16
What is the value of -10 - (-10 + 2 + -10)?
8
What is 5 - (3 + 31) - (-5 - (8 - 5))?
-21
Evaluate 22 - (9 - -3) - (-2 + -2 + 5).
9
Calculate (24 - -1) + -17 + (-5 - (-42 + 24)).
21
Evaluate -11 - -14 - (-1 - 7 - -20).
-9
-3170 + 3186 + (1 + 0 - 17)
0
Calculate 4 + (-2 - 7) + -2.
-7
-38 - (-29 - (-8 + 1))
-16
Calculate 16 - (8 - -3 - -11).
-6
Evaluate -10 - (-11 + 26 + -14).
-11
Evaluate (1 - 0) + -28 - (-381 + 371).
-17
13 + 1 - 21 - -14
7
What is -2 + -14 + 3 + (8 - 0) + -2?
-7
What is the value of 10 + -10 + 16 - 29?
-13
Calculate (5 - (5 + -3) - (68 + -37)) + 0.
-28
Calculate -6 - (-35 + 64 - 4).
-31
What is (-10 + 16 - 9) + 14 + 4 + 6?
21
What is (46 - 4) + -24 - 31?
-13
Evaluate 13 + -29 + 28 - (2 + 0).
10
What is 1 + (5 - (1 - (-8 + 1)) - -9)?
7
Calculate -1 + (0 - -3) + (14 - 16 - -1).
1
What is the value of (-5 - -11 - (13 + -4)) + 7?
4
What is 21 + -10 + (-48 - -18)?
-19
What is the value of 7 + (4 - ((-5 - -7) + 4)) + 0?
5
Evaluate (-1 - -5) + 55 + -52 - 7.
0
What is the value of 57 + -39 + 6 + -22?
2
What is (3 - 2) + -3 + (-3 - (-1 + -3))?
-1
3 + (-18 - -5) + 3
-7
Calculate -17 - -13 - -14 - 19.
-9
20 + (-6 - (-1 - (-14 + 4 + 9)))
14
What is the value of 15 + -5 - (3 - -17 - 6)?
-4
What is 7 - (-3 + (-15 - -15) + -21)?
31
What is the value of 1 - 11 - (24 + -38 + 14)?
-10
Calculate 25 - (-10 + 0 - (47 - 61)).
21
What is the value of (3 - ((-6 - 0) + 3)) + 1?
7
What is -27 - (0 - -1) - (3915 + -3924)?
-19
Evaluate -4 - 0 - (-66 - -66).
-4
Evaluate -8 + 8 - (-37 + 10) - (7 + 1).
19
What is (9 - (6 + (-9 - (4 + -21)))) + -20?
-25
Evaluate -16 + 15 + (0 - -9 - (1 - -2)).
5
Calculate (-116 - (-20 + -91)) + -6 + -1 + -1.
-13
(28 - -4 - 32) + (0 - 0 - 11)
-11
Evaluate -35 - (2 + -7 + 0) - (-21 - -26).
-35
10 + 10 + ((9 - 0) + -8 - 14)
7
Evaluate 25 + -4 - (19 - 0).
2
Calculate 8 + (-2 - 0 - -7) - 3.
10
Evaluate 10 - (-36 + 23 + -3).
26
What is -15 + 7 - -14 - -29?
35
What is 13 + -13 + 8 + -8 + (0 - 5)?
-5
What is (-1 + 1 + -5 - -10) + 3 + -5?
3
What is -8 + 3 + (178 - 196)?
-23
What is the value of -15 - (-23 - -8) - -1?
1
Calculate (11 + 2 - 28) + 19.
4
What is the value of (20 - 8 - 13) + (0 - 5)?
-6
What is the value of 6 + 11 - 12 - -4?
9
Evaluate -4 + 33 + (-12 - (-14 - -10)).
21
Calculate -19 - 0 - (328 + -368).
21
Calculate -7 - (-7 + -4) - (-7 + (1 - 1)).
11
What is the value of 1 - (7 - 0 - 19) - 6?
7
Calculate 6 + 3 - (-4 - (2 - (2 - 3))).
16
Evaluate ((20 - 6) + -18 - (3 - 1)) + -3.
-9
Calculate 1 - (-12 + 7 + (-5 - (-1 + -15))).
-5
Calculate -318 - -296 - (-26 + 1).
3
Evaluate -67 + 80 + 1 + -15.
-1
Evaluate 8 + 9 + (-12 + 5 + 9 - 5).
14
Calculate 61 - 38 - (14 - 0).
9
What is the value of -5 + ((-10 - -9) + -7 - -7)?
-6
What is the value of 20 + (-5 - -11 - 9)?
17
What is the value of -3 + 17 + (-1 - -1) + -8?
6
Calculate -4 + (7 - (2 + 3)).
-2
What is the value of 0 + -3 + -3 + (33 - -5 - 4)?
28
-68 + 71 + (-8 - -3)
-2
Evaluate 6 + 15 - -9 - (11 + 2).
17
-4 + -1 - (-26 + 24 - 6)
3
What is the value of -1 - -6 - ((-12 - -13) + -34)?
38
Calculate -5 + 7 - (-1 + 2 + -2) - -5.
8
What is -8 + (-1 + 7 + -9 - -9) + 0?
-2
(5 - 11) + (0 - 0) + (-54 - -68)
8
Calculate 12 + -3 + -131 + 74 + (10 - 0).
-38
What is the value of (-9 + 3 - (3 + -12)) + -20?
-17
0 + 10 - (239 + -245)
16
Evaluate -1 + (1 - -1 - (-6 + 16 + -11)).
2
What is -153 + 141 + (22 - 2) - -13?
21
Evaluate -8 - (14 + -26) - (-12 - -3).
13
What is 33 - (22 + -38 - -59)?
-10
Calculate (-9 - -11) + 36 - 9 - 5.
24
What is the value of -34 + 36 + 10 + (-4 - -6) + 8?
22
0 + (-16 - -3) + 27 + -21
-7
Calculate (5 - 16 - 7) + (5 - 1) - 7.
-21
-3 - -16 - (399 + -369)
-17
-3 - 4 - ((4 - -34) + -24)
-21
Evaluate 20 + -51 - -10 - 9.
-30
-2 + -18 + (718 - 675)
23
What is 9 + -22 + (15 - 5) + -13?
-16
Calculate (4 - 6) + -7 - (-15 - -9 - -5).
-8
6 - (-1 - -5 - -8 - 6) - 1
-1
Evaluate 1 + (-3 - -5) + (307 - 314).
-4
What is (-2 - -13) + -24 + -5 + 19?
1
-16 - ((40 - 19) + -56)
19
Calculate (-16 - (-14 - -7)) + (5 - -1).
-3
What is the value of -5 + (1 - (2 + 0)) - (5544 - 5546)?
-4
Calculate (21 - 26) + (4 + -6 - -5).
-2
What is -1 + 0 - ((31 - 61) + 45)?
-16
Calculate (11 - 12) + 15 + 2.
16
Calculate 0 - 5 - (1701 + -1718).
12
Calculate (20 - 20) + 41 - 24.
17
2 + (-5 - 1) + 0 + 6 + -17
-15
Calculate (7 - (-5 - -3 - -2 - -5)) + -8.
-6
Evaluate 1105 + -1114 - (-8 + 0 + 1 + -1).
-1
Evaluate 1 - (7 - -17 - 8).
-15
-4 - (-1 + -18 + 7)
8
Evaluate (-2 - 7 - -2) + 14 + 5 + -1.
11
Calculate 6 - (-10 - -18) - (5 + (-7 - -4)).
-4
Calculate 9 + (1 + 12 - 26) - -17.
13
What is the value of 9 + 8 + -1 + 0 + -17?
-1
What is -2 + (0 - -2 - -19)?
19
1 + 12 + (-298 - -302)
17
15 - ((-5 - -23) + -6)
3
What is the value of -7 + (7 - -1 - 2 - -6)?
5
What is 13 + (-16 - -24 - 18)?
3
Calculate 15 + -8 - -15 - 30.
-8
Calculate 17 - ((26 - 15) + -3).
9
What is the value of 52 - (17 + (14 - 1))?
22
Evaluate -11 - -2 - (1 - 0) - (10 - 17).
-3
Calculate -7 + 1 + -6 + 12 + -2 - -17.
15
Evaluate (6 - -2 - (8 - 9)) + (2 - -7).
18
Evaluate (2 - (-4 + (-1 - 6) + 12)) + -17.
-16
Calculate (-16 + 3 - (0 - -2)) + (-58 - -62).
-11
What is 7 + (-1 - (1 + -12 + 12))?
5
What is the value of -1 + 3 + 4 + -2 + 587 + -593?
-2
Evaluate 4 + -4 + (7 - (-4 - -6) - 3).
2
Evaluate 5 + 26 + -12 + -7.
12
11 - 1 - (250 - 243)
3
What is (-2 + 0 + -3 - (7 - 5)) + 2?
-5
-8 - -4 - (-1 + -9 + 14)
-8
What is -179 + 183 - (-1 + -5 + 2)?
8
-11 + 6 + (2 - (-8 + 5 + 7))
-7
Calculate (10 - -1 - 1) + -48 + 47.
9
What is the value of 2 + 13 + -10 + (7 - 2) + -2?
8
Evaluate (-808 - -787) + (-1 - -13).
-9
11 + -8 + 1 + -1 + (6 - 2)
7
Calculate 22 + (69 - 36 - 89).
-34
Evaluate (41 - 20 - 39) + (2 - 1 - 10).
-27
What is -3 + (14 - 14) + 8?
5
Calculate (-31 + -2 - -33) + (2 - -1).
3
What is the value of (1 - -5) + (-224 - -206)?
-12
What is the value of -10 + (13 - 4 - 19) + 14?
-6
What is the value of 1 + -38 + 22 - 3?
-18
What is 7 - (14 + -21 + 8)?
6
Calculate -1 + 1 + -4 + 38 + -34.
0
What is -24 + -25 + 22 + 46?
19
What is the value of 79 + -79 + -3 + (-3 - -4 - -3)?
1
What is the value of 0 + 4 + (-21 - -5) - (-1 - 2)?
-9
-8 + 9 - -7 - -17
25
What is the value of 8 + -3 + -26 + 23 - (-1 + 4)?
-1
8 + 5 - (59 - 59)
13
Evaluate -5 + -11 - -2 - -6.
-8
Evaluate (-1 - (1 + (2 - 6))) + (41 - 18).
25
What is 2 + 8 - ((14 - 3) + (3 - 10))?
6
0 + 0 - (-3 - (-4 - (29 - 5)))
-25
What is the value of -9 - (-1 + -2 + 5 - 11)?
0
-22 + 26 + 22 - (7 + 1)
18
-14 + (21 - 8) + -3 + -1
-5
Calculate -48 - (8 + -2 + -30).
-24
4 - (19 + 1 + -9)
-7
What is the value of (-15 - -9) + 9 + 9?
12
404 + -405 - (-1 - -11)
-11
Calculate (1 - (-1 + 5 + -5)) + 9 + -4.
7
18 + -2 + 19 + (-21 - 0)
14
Calculate -474 + 474 - ((16 - 0) + 0).
-16
Evaluate (-86 - -84) + 0 + 4.
2
What is (1 - 12 - -16) + -6 + 7 + -28?
-22
What is the value of -4 + (14 - 6) + 1 - -2?
7
Evaluate 4 - (-29 - -24) - (-2 + 2).
9
Calculate (-30 - 11) + (3 - -11) + 10.
-17
32 + 1 - (-8 + 28)
13
What is 1 + 7 + (-1 - (-15 - -9))?
13
What is (6 - (5 - (-12 + 30))) + 3 + -2?
20
What is the value of 4 - (27 - 9) - -37?
23
What is the value of -3 + 4 - 14 - (104 + -104)?
-13
Calculate (-14 - ((-21 - -6) + 15)) + 17.
3
What is the value of 0 - (29 + -31 - (6 - 11 - -1))?
-2
Calculate -15 + (3 - (17 + -2)) - (-8 - 1).
-18
What is (-10 + 0 - -13 - -2) + 3?
8
24 + (-10 - (2 + 8)) + 15
19
Evaluate 79 - 96 - (1 + -36).
18
-17 - -12 - (2 + 11 + 0 - -2)
-20
What is the value of (8 - (4 + -19)) + 7 + -6?
24
Calculate 172 + -167 + -1 + (2 - -2).
8
(16 - 36) + 6 + 15
1
-13 + -1 + (1 - ((-7 - -6) + 4))
-16
12 + (-12 - (-2 + -3)) + -9 + 14
10
Calculate -24 + 17 + -27 + 11.
-23
Evaluate 26 - (8 + (38 - 24)).
4
Calculate -8 - (-16 + -1) - (-5 + 24).
-10
40 - (-30 + 42 - -14)
14
-5 + -2 + -7 + 20 + -3 + 4
7
What is (-7 - 5) + (44 - 5)?
27
Evaluate 0 + 0 + -13 + (12 - -6) + 18.
23
Calculate -6 + (5 - (2 + 8 - 6)).
-5
Calculate 1 - 5 - (1186 - 1161).
-29
Calculate -8 + (-21 - -14) + 14.
-1
What is the value of 21 - (36 - 17) - (-1 + 3 + -8)?
8
Evaluate -85 + 65 + (-1 - -34).
13
Evaluate 18 - -4 - 6 - 13.
3
Evaluate (-10 - 5) + 13 + (12 - 0).
10
-18 - -23 - 13 - -8
0
What is 10 +